In base 9, what is 5 + -27126120?
-27126114
In base 8, what is -5 + -17303034?
-17303041
In base 6, what is 44352 - 1352?
43000
In base 3, what is -12222202220120 + 2?
-12222202220111
In base 8, what is 1307027 + 1767?
1311016
In base 12, what is 3 - 33493b11?
-33493b0a
In base 7, what is -332 + 214100?
213435
In base 15, what is -1 + -224ade?
-224ae0
In base 15, what is 28e + -220da?
-21d4b
In base 4, what is 1010 + 100302321201?
100302322211
In base 9, what is 1448 + -2507?
-1048
In base 12, what is -653 + -3a33?
-4486
In base 7, what is -2252 - 4125?
-6410
In base 16, what is a8ac67 + 5?
a8ac6c
In base 6, what is -242 + -1522452?
-1523134
In base 9, what is -263485747 + 2?
-263485745
In base 11, what is 361 - -244?
5a5
In base 2, what is 101 - -10001110001111101101101?
10001110001111101110010
In base 10, what is -20956 + -1571?
-22527
In base 3, what is -112002210020001 + 2?
-112002210012222
In base 9, what is -6128 - 160?
-6288
In base 2, what is -11 - 11110100000010110111101110?
-11110100000010110111110001
In base 4, what is -1222011000301 + -11?
-1222011000312
In base 6, what is 1313515422 + 4?
1313515430
In base 2, what is 1110111111101011100101000 - 101?
1110111111101011100100011
In base 5, what is 20204442444 - 0?
20204442444
In base 15, what is 14c + -458?
-30b
In base 12, what is -266850 - -268?
-2665a4
In base 12, what is 2 - 208517a?
-2085178
In base 6, what is 45502351542 + 5?
45502351551
In base 2, what is -10 + -10100100001110010000010?
-10100100001110010000100
In base 5, what is 400404224 - -12?
400404241
In base 9, what is 537 + -172235?
-171587
In base 16, what is -554 + -b04a?
-b59e
In base 10, what is 1597486 - 100?
1597386
In base 12, what is -a5 - 5b5a1?
-5b686
In base 12, what is 0 - -1255367?
1255367
In base 9, what is -31 - 246162?
-246203
In base 13, what is -1556 - 7bb5?
-943b
In base 11, what is -765161 + -338?
-765499
In base 15, what is 1aa26339 - -3?
1aa2633c
In base 11, what is -32 - aa122a?
-aa1261
In base 2, what is 111011110111 - 101010101110?
10001001001
In base 9, what is 1034643 + 14?
1034657
In base 10, what is 6481 - 58049?
-51568
In base 11, what is -186709 + 8?
-186701
In base 15, what is e - 8858?
-8849
In base 5, what is 3243144142 - 101?
3243144041
In base 6, what is -5432033 - 10203?
-5442240
In base 5, what is 222 + -3214113?
-3213341
In base 6, what is 5 + 102551251?
102551300
In base 4, what is -103122102212001 - 3?
-103122102212010
In base 6, what is 5 + 1134252422?
1134252431
In base 5, what is 204 + -10442212?
-10442003
In base 12, what is 3476b36 + 5?
3476b3b
In base 6, what is 314 - -1201442?
1202200
In base 7, what is -3 - -12625535?
12625532
In base 9, what is -1 + 2075220?
2075218
In base 3, what is -12022000 - -10221?
-12011002
In base 14, what is 196c588d + 5?
196c5894
In base 7, what is 20500146 - 12?
20500134
In base 12, what is 338914b + 5?
3389154
In base 3, what is 2012212122 + 221?
2012220120
In base 4, what is -30202112222 - -1201?
-30202111021
In base 3, what is 1011222 - 2002210002?
-2001121010
In base 11, what is 30 + 6229158?
6229188
In base 5, what is -22412124102 + 10?
-22412124042
In base 12, what is 32017887 + -2?
32017885
In base 15, what is -8d3d93a - 4?
-8d3d93e
In base 15, what is -bd5873 - 3?
-bd5876
In base 10, what is -5 + 70649849?
70649844
In base 12, what is 63943 - -22?
63965
In base 5, what is -424233320 - -1112?
-424232203
In base 3, what is 10011201000102 - 10?
10011201000022
In base 14, what is a - -1226326?
1226332
In base 6, what is 34 + -41100040?
-41100002
In base 15, what is -3bd329 + -7?
-3bd331
In base 15, what is 67 + 1ee0e7?
1ee15e
In base 4, what is -1031220 + -1213102?
-2310322
In base 6, what is -104324 + 3014?
-101310
In base 2, what is 110101 - 1110111111101111010001?
-1110111111101110011100
In base 13, what is -5c74 + -418?
-638c
In base 16, what is -4 + ee900?
ee8fc
In base 13, what is -199895 + -1b?
-1998b3
In base 10, what is -191700 + -815?
-192515
In base 9, what is 18814 - 10710?
8104
In base 15, what is -553b - -11c?
-541e
In base 7, what is 632501261 - -5?
632501266
In base 11, what is -5 - 2718721?
-2718726
In base 16, what is -b + 3fbde39?
3fbde2e
In base 2, what is 100 - -10100111101100100110111?
10100111101100100111011
In base 6, what is 4 + -2121334344?
-2121334340
In base 4, what is -1031233303 + -102?
-1031300011
In base 10, what is -73 + -416144?
-416217
In base 2, what is 0 - 111000001001011010110111100?
-111000001001011010110111100
In base 5, what is 2214 + 440043323?
440101042
In base 5, what is 4113434022 - 4?
4113434013
In base 4, what is 232230130 - -100231?
232331021
In base 16, what is -7ea2819 + -5?
-7ea281e
In base 14, what is 6a48 + 1b0?
6c18
In base 11, what is 42a9721 + -10a?
42a9612
In base 14, what is -7b766 - -22a?
-7b53a
In base 11, what is -8a8 - -8499?
76a1
In base 13, what is 2284b9 - 21b?
22829b
In base 2, what is 1011001110001100 - -1010000100?
1011011000010000
In base 14, what is c + -6b81a48?
-6b81a3a
In base 10, what is -90072 + 3926?
-86146
In base 14, what is -3 - 2c41088?
-2c4108b
In base 9, what is -6361010 - 2?
-6361012
In base 9, what is 38506701 + 1?
38506702
In base 11, what is -1872 + 265a?
898
In base 13, what is -2 - -5008bbb?
5008bb9
In base 8, what is 2352 - -24513?
27065
In base 13, what is -42206b7 - -2c?
-4220688
In base 13, what is -362c + 2127?
-1505
In base 2, what is 1010110101100010111101101 + -1?
1010110101100010111101100
In base 12, what is a49b598 + b?
a49b5a7
In base 8, what is -5 - -311106?
311101
In base 3, what is -12 - 1122221012000022?
-1122221012000111
In base 2, what is -100000011010001 + -100100100000?
-100100111110001
In base 14, what is 60a4a3 + -32?
60a471
In base 6, what is -20 + 2403523?
2403503
In base 8, what is -2352606310 + -4?
-2352606314
In base 2, what is -110001010000110001000011 + 101?
-110001010000110000111110
In base 11, what is 2020 - -380911?
382931
In base 8, what is -26 + 244762126?
244762100
In base 8, what is -556 + -275714?
-276472
In base 14, what is 213b2b - 1?
213b2a
In base 10, what is 955 + 210761?
211716
In base 8, what is 177614 + -3643?
173751
In base 6, what is -41 - -511503124?
511503043
In base 8, what is 16 + 255310165?
255310203
In base 3, what is -10 + -200122202010222210?
-200122202010222220
In base 2, what is 10011010000010001111 + 1000?
10011010000010010111
In base 9, what is 7427 - 4337?
3080
In base 6, what is 3 - -1020444?
1020451
In base 9, what is 10803053 + 0?
10803053
In base 13, what is -129 + 766177?
76604b
In base 10, what is 368 + 7894?
8262
In base 11, what is -3367a0 - 3?
-3367a3
In base 6, what is -1220301514 + 0?
-1220301514
In base 7, what is -403002 + -15463?
-421465
In base 15, what is 7 - 13ae8c8?
-13ae8c1
In base 11, what is 776605 + 32?
776637
In base 7, what is 3 - -21361135?
21361141
In base 7, what is 11304534 + 543?
11305410
In base 2, what is 101 + 1000101001000010000?
1000101001000010101
In base 15, what is -26898 + 1ab?
-266dc
In base 12, what is 1 - -4a1156?
4a1157
In base 5, what is 2 - 401100414?
-401100412
In base 15, what is -42 + 2bb799?
2bb757
In base 11, what is -4 + 3285300?
32852a7
In base 15, what is e709925 + -8?
e70991c
In base 10, what is 5779895 - 0?
5779895
In base 14, what is -1348 + 3548c?
34144
In base 4, what is 130032 - 322201011?
-322010313
In base 5, what is 10120114221 - -224?
10120120000
In base 14, what is 8d06880b - 0?
8d06880b
In base 16, what is -275103 - 7?
-27510a
In base 11, what is -98 - 97913?
-97a00
In base 6, what is -4 - -24332232455?
24332232451
In base 6, what is 101 + -1035534245?
-1035534144
In base 2, what is 1110 + 1000001111111001001111?
1000001111111001011101
In base 8, what is 41246326 - -2?
41246330
In base 8, what is 327254 + -760?
326274
In base 3, what is -1000000121000121 + -11?
-1000000121000202
In base 16, what is 8 - -14fea?
14ff2
In base 4, what is -1001322021 - -203?
-1001321212
In base 5, what is -2400 - 12210440?
-12213340
In base 6, what is 54105425 + 24?
54105453
In base 5, what is -3 - -3244431230?
3244431222
In base 16, what is 2aee845 + 5?
2aee84a
In base 5, what is -41 + -203243121?
-203243212
In base 8, what is -441053 - -5107?
-433744
In base 3, what is -2010002102 + -10002000?
-2020011102
In base 5, what is 21442 - 1110220?
-10332